der when 14414 is divided by 52.
10
Calculate the remainder when 362 is divided by 187.
175
What is the remainder when 55315 is divided by 254?
197
What is the remainder when 28241 is divided by 13239?
1763
Calculate the remainder when 6674 is divided by 510.
44
What is the remainder when 446535 is divided by 38?
35
What is the remainder when 3488 is divided by 289?
20
What is the remainder when 390031 is divided by 219?
211
What is the remainder when 700 is divided by 637?
63
Calculate the remainder when 441904 is divided by 441896.
8
What is the remainder when 243045 is divided by 82?
79
Calculate the remainder when 1927 is divided by 1883.
44
What is the remainder when 839 is divided by 384?
71
Calculate the remainder when 12843 is divided by 63.
54
Calculate the remainder when 14564 is divided by 152.
124
What is the remainder when 149103 is divided by 1121?
10
Calculate the remainder when 883 is divided by 328.
227
What is the remainder when 15562 is divided by 331?
5
Calculate the remainder when 5641745 is divided by 1227.
1226
What is the remainder when 54296 is divided by 105?
11
What is the remainder when 19471 is divided by 794?
415
What is the remainder when 1769 is divided by 453?
410
Calculate the remainder when 7258 is divided by 461.
343
What is the remainder when 19747 is divided by 144?
19
Calculate the remainder when 1102273 is divided by 15.
13
What is the remainder when 30593 is divided by 1020?
1013
Calculate the remainder when 74496 is divided by 4656.
0
What is the remainder when 4919 is divided by 2360?
199
What is the remainder when 294014 is divided by 293997?
17
What is the remainder when 6941 is divided by 6755?
186
Calculate the remainder when 133494 is divided by 11122.
30
Calculate the remainder when 15156 is divided by 15124.
32
What is the remainder when 15888 is divided by 530?
518
What is the remainder when 130915 is divided by 910?
785
Calculate the remainder when 2353149 is divided by 881.
879
What is the remainder when 145777 is divided by 72885?
7
Calculate the remainder when 146 is divided by 41.
23
Calculate the remainder when 5229 is divided by 471.
48
Calculate the remainder when 482 is divided by 94.
12
What is the remainder when 3076 is divided by 598?
86
What is the remainder when 3880 is divided by 58?
52
Calculate the remainder when 69386 is divided by 661.
642
Calculate the remainder when 54607 is divided by 134.
69
What is the remainder when 954 is divided by 567?
387
Calculate the remainder when 8861 is divided by 14.
13
Calculate the remainder when 7536 is divided by 188.
16
What is the remainder when 160962 is divided by 153?
6
What is the remainder when 18878 is divided by 1058?
892
What is the remainder when 34295 is divided by 779?
19
What is the remainder when 17431708 is divided by 785?
783
What is the remainder when 90239 is divided by 11264?
127
What is the remainder when 64859 is divided by 9?
5
What is the remainder when 16267 is divided by 21?
13
Calculate the remainder when 4652 is divided by 36.
8
Calculate the remainder when 1196387 is divided by 501.
500
What is the remainder when 50803 is divided by 407?
335
What is the remainder when 38389 is divided by 83?
43
Calculate the remainder when 118833 is divided by 18.
15
What is the remainder when 35681 is divided by 39?
35
Calculate the remainder when 70931 is divided by 446.
17
What is the remainder when 17391 is divided by 341?
0
What is the remainder when 97089 is divided by 117?
96
What is the remainder when 25393 is divided by 203?
18
What is the remainder when 4623553 is divided by 1073?
1069
Calculate the remainder when 5944 is divided by 1979.
7
Calculate the remainder when 33606 is divided by 12.
6
Calculate the remainder when 56315 is divided by 18752.
59
Calculate the remainder when 15262 is divided by 5072.
46
Calculate the remainder when 8952 is divided by 2238.
0
Calculate the remainder when 4693 is divided by 1413.
454
What is the remainder when 1781 is divided by 1254?
527
Calculate the remainder when 5366 is divided by 2643.
80
Calculate the remainder when 9675 is divided by 312.
3
Calculate the remainder when 11866 is divided by 11864.
2
Calculate the remainder when 11856 is divided by 349.
339
What is the remainder when 94496 is divided by 126?
122
What is the remainder when 335396 is divided by 172?
168
Calculate the remainder when 6063 is divided by 550.
13
What is the remainder when 122534 is divided by 34?
32
What is the remainder when 93655 is divided by 15584?
151
Calculate the remainder when 13569 is divided by 36.
33
What is the remainder when 2920819 is divided by 14?
13
What is the remainder when 171691 is divided by 127?
114
What is the remainder when 24614 is divided by 10?
4
Calculate the remainder when 670217 is divided by 230.
227
What is the remainder when 14162 is divided by 161?
155
What is the remainder when 220964 is divided by 16997?
3
Calculate the remainder when 226780 is divided by 92.
0
Calculate the remainder when 101842 is divided by 276.
274
What is the remainder when 118010 is divided by 181?
179
What is the remainder when 7753 is divided by 352?
9
Calculate the remainder when 21562 is divided by 722.
624
Calculate the remainder when 144298 is divided by 20.
18
Calculate the remainder when 28917 is divided by 657.
9
What is the remainder when 1481000 is divided by 29?
28
Calculate the remainder when 14009 is divided by 30.
29
What is the remainder when 1785 is divided by 1304?
481
What is the remainder when 19620 is divided by 19588?
32
What is the remainder when 1618 is divided by 104?
58
What is the remainder when 420030 is divided by 8?
6
Calculate the remainder when 13084 is divided by 410.
374
Calculate the remainder when 291 is divided by 112.
67
Calculate the remainder when 463732 is divided by 569.
566
What is the remainder when 50573 is divided by 180?
173
What is the remainder when 18698 is divided by 6231?
5
Calculate the remainder when 3543 is divided by 830.
223
Calculate the remainder when 409261 is divided by 10.
1
Calculate the remainder when 6125 is divided by 213.
161
Calculate the remainder when 170265 is divided by 6.
3
Calculate the remainder when 7475 is divided by 91.
13
Calculate the remainder when 5317 is divided by 1367.
1216
Calculate the remainder when 54091 is divided by 483.
478
Calculate the remainder when 323007 is divided by 9.
6
Calculate the remainder when 5718 is divided by 257.
64
What is the remainder when 162956 is divided by 853?
33
Calculate the remainder when 14297 is divided by 55.
52
What is the remainder when 8836 is divided by 52?
48
What is the remainder when 4825 is divided by 75?
25
What is the remainder when 1419 is divided by 92?
39
Calculate the remainder when 6429 is divided by 1606.
5
What is the remainder when 451 is divided by 182?
87
Calculate the remainder when 830 is divided by 750.
80
What is the remainder when 86944 is divided by 86?
84
Calculate the remainder when 1119011 is divided by 41.
39
Calculate the remainder when 5517 is divided by 393.
15
What is the remainder when 820 is divided by 175?
120
Calculate the remainder when 82771 is divided by 51.
49
Calculate the remainder when 185314 is divided by 223.
1
Calculate the remainder when 15376 is divided by 5122.
10
Calculate the remainder when 4263 is divided by 998.
271
What is the remainder when 9122 is divided by 609?
596
Calculate the remainder when 5822 is divided by 2903.
16
Calculate the remainder when 682 is divided by 10.
2
What is the remainder when 76959 is divided by 65?
64
What is the remainder when 50054 is divided by 695?
14
Calculate the remainder when 44881 is divided by 65.
31
Calculate the remainder when 890 is divided by 233.
191
What is the remainder when 34949 is divided by 2496?
5
What is the remainder when 2314 is divided by 2043?
271
What is the remainder when 4521 is divided by 1120?
41
Calculate the remainder when 126978 is divided by 992.
2
What is the remainder when 2064 is divided by 560?
384
Calculate the remainder when 14775 is divided by 465.
360
Calculate the remainder when 509 is divided by 16.
13
Calculate the remainder when 749570 is divided by 821.
818
What is the remainder when 6482 is divided by 842?
588
What is the remainde